59)?
-71
What is the value of (83 - 1) + (5151 - 5168)?
65
Calculate 1472 - 1469 - (1 + 26).
-24
What is 36 + 2 + -11 - (42 + -34) - 59?
-40
What is -15 - (-3 - 2 - (-8 - (-7 + 0))) - -94?
83
58 + -112 + -34 + 18
-70
What is -6 + (4 - (22 - (-2 + -3)))?
-29
What is -4 + 2 + (-7 + -56 - (0 - -4 - 20))?
-49
What is the value of (-128 - -92 - (1 - -4)) + -21 + 29?
-33
2225 - 2203 - (-2 + 62)
-38
70 + (-97 + 36 - -9) + 0 + (-6 - 1)
11
What is the value of (13 - (9 + 8) - -9) + -14 - 10?
-19
Calculate -3 + -55 - (-123 + 123).
-58
What is the value of -3 + 20 + -1 - (32 - 43) - -9?
36
What is the value of -28 - -81 - 90 - 70?
-107
-23 - (16 - (89 - (-1 - -5)))
46
What is the value of 201 + -181 + (12 - 2 - -14)?
44
Calculate -42 - (-13 + 5 + 3 - -13).
-50
What is -2 - (1 + 0 + -17 + 25) - (14 + -35)?
10
Evaluate 8 - (-3 + 52 - 77).
36
Calculate -18 + (-59 - -2) - ((-4 - -4) + -12) - 4.
-67
Calculate -5 + 75 + -75 + 43.
38
What is the value of 43 - (48 + 28 + -3)?
-30
What is -21 + 3 + -15 + (-11 - -30) + -14?
-28
Evaluate 117 + -3 - (791 + -785).
108
What is the value of (24 - (1 - -49)) + 6?
-20
Evaluate -8 + (1 + -8 - (1 + (-6 - 8 - -33))).
-35
Evaluate (13 - (-15 + 9 + 49)) + -70.
-100
What is the value of -7 - 24 - -13 - (-46 - -8)?
20
What is the value of (92 - (-2 - (2 + -3))) + (-661 - -678)?
110
Calculate -2 + 7 + 0 + (6 - 20 - (219 - 161)).
-67
Evaluate -64 - (0 - (3 - 1)) - (6 + -3).
-65
What is the value of (-87 - -207) + -103 - (1 - -10)?
6
What is the value of (-28 - (13 + -26)) + -11?
-26
What is 2 + -51 + -336 + (540 - 248)?
-93
-12 - (56 + 27 + -82)
-13
Calculate 7 + (28 - 29) + 8 + (36 - 0) + -6.
44
Evaluate (5 + 0 + -2 - -8) + 15 + -5 + 8.
29
Evaluate -9 - (-23 - (-6 - (1 + 28))).
-21
Calculate 154 + (39 - 101) + -36.
56
Calculate (1 - (-57 - 1)) + (84 - (-17 + 100)).
60
What is (2 - 14) + 3 + 128 + -44?
75
Evaluate (0 - (3 - 17)) + (80 - 89) + -8.
-3
Evaluate 20 - (32 + (21 - 7)).
-26
What is 18 - 16 - 16 - (0 + 21)?
-35
What is the value of 22 + -14 + (12 - -6) - -18?
44
Calculate 70 + (-45 - -59) + -63.
21
Evaluate -4 + -13 + 33 - (-84 + 147).
-47
What is -8 + (39 - 15) + (75 - (12 + -15))?
94
-37 + 88 + -61 + 68
58
What is -15 - (50 - (-74 - -109))?
-30
Calculate -18 + (15 - 13) + 18 + -109 + 12.
-95
What is -83 + 78 + 15 + -43 - 89?
-122
Calculate 65 + (14 + 0 + 1 - (-4248 + 4257)).
71
-34 + 166 + -143 + -1 + 105
93
What is 52 + -37 + -57 + -10?
-52
Calculate 101 + (-1 - -3 - -6) + -201 + 195.
103
What is the value of (-63 - -17) + 59 + 1?
14
-19 + -1 - (-42 + (52 - 44))
14
What is the value of (22 - (-14 + 20 + 3)) + -9 + -7 + 19?
16
Evaluate (1 - (0 - -10)) + (127 - 12) + (61 - 54).
113
What is -17 + 24 + -9 + (9 - (11 + -6))?
2
What is -13 + (101 + -60 - 4)?
24
Calculate 31 + -9 - (-12 + 50 + -19).
3
What is the value of -85 + (-22 - -27) + 47?
-33
Evaluate 8 + (1 - (-48 - -1)) + (-23 - 33 - -65).
65
Calculate (-86 - -21 - (5 - 37)) + -6.
-39
Calculate -3 + 0 + -10 + 0 + (-10 - -71 - 4).
44
What is the value of 1 + 19 + 16 + (-129 - -40)?
-53
What is 8 - 0 - (-28 + -41 - (-8 + 25))?
94
What is the value of 13 - ((-607 - -644 - (3 + -2 + 3)) + 14)?
-34
Evaluate -8 + (33 - (-44 - -46)).
23
Calculate 70 - (-44 - (-112 + 37)).
39
Calculate 28 + (-4 - -2) - (21901 + -21805).
-70
What is 51 + (-67 - -35) - (3 - 21)?
37
Calculate -33 - (35 + -52 - 6).
-10
Evaluate -13 - (17 + (-133 - -12) - 14 - -10).
95
-107 - (46 + -15 + -179)
41
8 + -17 + 19 + -17 + 1 + 22
16
What is the value of 3 + -2 + 40 + 1 + 4 + -11 + 1?
36
What is 6 - 4 - 5 - (37 + 8 + -3 + 4)?
-49
(53 - (-8 - (-1 - 1) - -7)) + (-5 - 1)
46
Calculate (-21 - -21 - (-1 - (-17 - -2))) + 363 + -230.
119
41 + (-4 - 1 - 12) - -16
40
What is the value of (-12 + -5 - -1 - -3) + 371 + -367?
-9
What is the value of 23 - -33 - (-1 - (0 + -6) - (-226 + 225))?
50
What is 40 + 1 + 129 + (-10 - 148)?
12
Calculate (-20 - (3 - -7 - (0 + 12))) + -6.
-24
Evaluate (-12 - -46) + -30 + 21 - -94.
119
Evaluate 31 + -3 + (11 - 7) + (-14 - 6) + 24.
36
Calculate 6 + -10 - ((0 - 49) + -3) - (1 - 1).
48
What is the value of -9 - 1 - (9 - (21 + -15))?
-13
What is 22 + -64 - (5 - 27) - 20?
-40
Calculate (58 - 4) + (-22 - (-5 - -2)).
35
Evaluate (-164 - -71) + -16 - -78.
-31
(-11 - 62) + 162 + -20
69
What is -60 + (-31 - -102) + 1 + 5?
17
Evaluate 221 + 32 - (363 + -211).
101
Calculate -56 + -5 - (-341 - -280).
0
What is the value of 12 + -46 + -9 + 88 + -56?
-11
What is 12 - (-10 - (5 - 24)) - 10 - 13?
-20
Evaluate -2 - 1 - 3 - (22 - (28 - 15)).
-15
Calculate (124 - (-43 + 177)) + (-23 - 0).
-33
Evaluate -9 - (-7 + (5 - ((-16 - -7) + -28))).
-44
1 - ((19 - (6 + 36)) + 1 + -16)
39
(20 - 11) + 5 + -1 + 87 + -60
40
Calculate 7 + 1 + (120 + -132 - (5 - 20)) - 62.
-51
What is the value of -74 + 52 - -94 - 103?
-31
What is the value of -120 - (-14 - (-45 + 176))?
25
What is the value of 10 - 1 - (0 + 4) - (-64 - (20 + 41))?
130
Evaluate 19 + 2 - (-23 + 106 + -68).
6
Calculate -112 + 54 - (38 - 36).
-60
(-4 + 2 + -1 - (145 + -145)) + 5
2
122 - (12 + (39 - -22))
49
What is the value of 15 - (-24 - 17 - -17)?
39
What is 10 + -4 + (-27 - (-53 + 60))?
-28
(129 - 114 - ((-2 - -19) + -39 + 40)) + -104
-107
Evaluate 8 + -3 + 6 + -6 + -5 + 92 - 13.
79
What is the value of -9 - (-1 + 20 - (-40 - -48) - (33 + -21))?
-8
Calculate 1 + -17 + -232 + (66 - -255).
73
Evaluate 10 + -24 + 4 + 20 + 5 - -18.
33
Evaluate -48 - -6 - -21 - 8.
-29
Evaluate (-1 - -2 - -48) + -8 + 3 - (-14 + 11).
47
Calculate -125 + 177 + -56 + 0 + (0 - 13).
-17
What is 15 + -6 - (-72 - (-10 + (-2 - (-16 + 11))))?
74
Calculate -5 - (16 - 12 - (-33 + 11)).
-31
What is the value of 234 + -251 + -112 + 41?
-88
What is the value of 9 + (-21 - (-34 + 10)) - -23?
35
What is 5 + (-15 - -3 - ((-2 + 11 - -1) + -7))?
-10
What is the value of 17 + -48 + 3 + 69?
41
Evaluate 83 - 98 - -20 - (-1 - (0 - 7)).
-1
Calculate 10 - ((-2 + 11 + -5 - 0) + -43).
49
What is the value of 40 + -2 + 3 + (-16 - (-22 + 21) - -21)?
47
Calculate 13 - 73 - (-53 + -5).
-2
Calculate (20 - (-68 - 7)) + -12.
83
Calculate -1 + -12 + -2 + (1 + 13 - (-145 - -153)).
-9
(-35 + (0 - -16) - -20) + 7 + 77
85
7 + (-9 - -15) - (-6 - -11)
8
(86 - -87) + -132 - (-52 + 4)
89
What is the value of -5 + 74 + (-6853 - -6724)?
-60
58 + (-9 + 34 - (43 - 35))
75
-300 + 280 - (-10 + 44 + -4)
-50
(3 - (2 + -2)) + (18 - -37) + -144
-86
-6 + (-11 - -30) + (-41 - -7)
-21
-46 + 10 + 2 + 11 + 1 + -5
-27
Calculate 9 + -3 - (9 + 4 + -26 + 4).
15
What is (34 - (2 + 1) - (-140 + 130)) + -8?
33
Evaluate 27 + 13 + (-42 - 4) + 80.
74
Evaluate 12 + (-30 - (8 - 13)) - (22 - (3 - 11)).
-43
What is 3 - -9 - (10 - (12 + (7 - 20) + 19))?
20
What is the value of 9 - (15 + -32 + 25) - -2 - 64?
-61
What is (-7 - -19) + (-4 - -2 - (13 + -12 - -1))?
8
Evaluate -82 + (-57 - 88) + 189.
-38
-5 + 55 + -45 + 61 + -24 + 0
42
Calculate (-4 - (0 - -3)) + (-15 - (5 - 30)) + 2.
5
Calculate (1 - 1 - 49) + (-1893 - -1914).
-28
Calculate (0 - 2) + 11 + (27 + 19 - 30).
25
(-9 - 30) + 59 - 13
7
Evaluate 44 - (1 - 1) - ((-37 - -133) + -91) - -8.
47
What is the value of -13 - (-3 + (-7 - -3) + (15 - 45))?
24
What is the value of -50 + (29 - -19) - -59?
57
Evaluate -14 + -23 + 47 + -46.
-36
Evaluate -56 + (9 - -110 - 10).
53
(-33 - (-32 - -16)) + (26 - 41)
-32
-93 + (100 - 147) + 159
19
What is the value of -39 - (-65 + 72 + (-17 - (1 + 1)))?
-27
What is (-3 - 30 - -15 - -50) + 0 + -1?
31
What is the value of -3 - (-94 + (58 - -24))?
9
What is the value of (84 - (2 - -4)) + (-20 - -31) + -19?
70
Calculate -23 - (11 + -27 - (-95 + (23 - 53))).
-132
Evaluate -8 - (4 - 45) - (-6 - (17 + -44)).
12
Calculate -13 - (-30 + -11 + 25).
3
70 - (-90 + 35 + 120)
5
6 + (12 - 23) - 39 - -7
-37
What is (-22 - -34) + -21 + -4 + 21?
8
Calculate (1 - (-3 - 5)) + -13 + 16 - 2 - -38.
48
What is -11 - ((15 + -6 + -2 - -4) + -18)?
-4
What is the value of (4 - (4 + 11 + -18)) + 14 + -11?
10
(3 - 22) + 4 + 69 + 13 + (-1 - 8)
58
What is the value of -877 - -906 - (0 + -5)?
34
Calculate -27 - 1 - (-15 - (1 + -17) - 20 - -29).
-38
What is (1 - -36) + (-6844 - -6815)?
8
154 + -291 + 64 + -28
-101
-32 + 28 + -8 + -1 + 1 + 11
-1
Evaluate -126 + 1 + 5349 + -5282.
-58
What is 9 + (0 - -31) + 4 + -11 - 16?
17
Calculate -18 - (-38 - -62 - 68).
26
Calculate (10 - ((-8 - 5) + (-4